d. Is d a prime number?
True
Is (134136 + 1)/(-81 - -82) a prime number?
False
Let t be (-1143)/(90/12 + -5 - 2). Let m = t + 11935. Is m a composite number?
False
Suppose -4*t - 3 = 5, 4 = 3*x + 4*t. Let m(n) be the second derivative of 5*n**3/2 + 19*n**2/2 - 2*n. Is m(x) a composite number?
False
Suppose -3*j + 4*a = 163, -5*j + 4*a - 9*a - 260 = 0. Is (1*43)/(-8 - 425/j) a prime number?
False
Is (-9 - -39419) + 4 + 5 a composite number?
False
Suppose 5*x - 234306 = -0*x - d, 0 = -4*d + 4. Is x a composite number?
False
Let s(h) = h**3 - 12*h**2 + 47*h - 28. Let v be s(8). Suppose 86*b = v*b - 16602. Is b prime?
True
Let h = 412 + -375. Let i be (-1480)/(-14) - (-6)/21. Let r = i + h. Is r prime?
False
Suppose -11273 = -52*u + 4899. Suppose -4*t + 3*d + 275 = 0, 0 = -3*t + 8*t - 5*d - 350. Suppose 0 = -8*i + u + t. Is i prime?
True
Let n be 9/(-1 + -2) - -95. Let r(t) = 8*t + 45. Let m be r(-7). Let x = n - m. Is x composite?
False
Suppose 39044 = 14*g - 98982. Let r = -5420 + g. Is r composite?
True
Let t be (-3 + 2)/((-7)/42 - 0). Suppose 0 = t*r + 465 - 13383. Is r a composite number?
False
Let f = -676 - -676. Suppose -41*x + 46*x - 1545 = f. Is x prime?
False
Suppose 0 = 18*f - 19*f - 4*r + 6, 4*f + 2*r = 10. Suppose 0 = -3*u, -7*k + 3*u + 8895 = -f*k. Is k a prime number?
False
Suppose -79578 = -152*m + 143*m. Is m a composite number?
True
Let q(u) = -u**2 + u - 1. Let j be q(2). Let v(i) = i**3 + 3*i**2 - 2*i - 4. Let s be v(j). Is (534/9)/(s/3) composite?
False
Let o = 721 - 730. Let f(x) = -5*x**3 + 9*x**2 - 21*x - 2. Is f(o) composite?
False
Let d(l) = l**3 - 8*l**2 - 46*l - 10. Let x be d(12). Is 8/x - (-139887)/63 a composite number?
False
Let n be (1 + (-3)/2)*(4 - -18). Let h be (n/((-77)/6))/((-3)/(-14)). Suppose 2*s + l = 898, h*l + 1195 = 3*s - 130. Is s composite?
True
Let o(i) = 42*i**2 + 12*i**2 + 1 - 6*i + 21*i**2 - 3*i**2. Is o(-3) prime?
False
Suppose 0 = 3*o - 5*v - 1449 + 323, 4*o - 1482 = -3*v. Is o + 2 + 3 - -4 composite?
True
Let q(z) = 2*z + 10. Let j be q(-3). Let m(b) = b**2 - 6*b + 11. Let k be m(j). Suppose n - 3*t - 689 = t, -5*n - k*t = -3353. Is n a prime number?
True
Suppose 3*q + 12 = -r, -3*q - 5 = -3*r + 7. Suppose r = -27*c + 25*c + 3058. Is c a prime number?
False
Let b be 65/((-5)/5 + 0). Let w = b - -69. Suppose 0*z - 3*z + 77 = 4*k, 4*z - w*k = 84. Is z a composite number?
False
Let m be 4 + 1/(-5) + (-19)/5. Is (6/6 + m)/(2/53918) a prime number?
True
Let w be (-1)/(2/3)*6. Is 0 + w + 4 + 496 a prime number?
True
Let c(d) = -d. Suppose -5*q = -12*q + 21. Let v be c(q). Is (6522/9)/((-10)/v + -3) a composite number?
True
Is (-192)/2016 - (-810539)/21 prime?
False
Suppose 4*o = -4*p - 70100 + 230264, -2*p + 80074 = 4*o. Is p prime?
False
Let i(s) = -2*s**2 + 28*s - 28. Let b be i(13). Is (b - 40/(-22)) + (-56742)/(-22) prime?
True
Let y = -47630 - -27790. Let w = 34625 + y. Is w composite?
True
Suppose 5*v - v = -4*f - 5088, -2*v + 2556 = -2*f. Let i = f + 2504. Let n = i + 30. Is n composite?
False
Let v(w) = -193*w**3 - 14*w**2 + 63*w + 447. Is v(-7) a composite number?
False
Let b = -72881 + 111312. Is b a composite number?
False
Let h(b) = -139*b**2 - 9*b + 1. Let d(z) = 278*z**2 + 18*z - 2. Suppose 5*o - 24 = 1. Let r(q) = o*h(q) + 3*d(q). Is r(6) a prime number?
False
Suppose 12*t - 764916 - 355224 = 0. Suppose 125 + t = 10*b. Is b composite?
True
Suppose 0 = -15*g + 18 + 12. Suppose 4*j - 29486 = -8*m + 3*m, g*j - 4*m = 14730. Is j composite?
False
Let b = -70 + 72. Let c(i) = 246 - 262 + 813 + i + i**3 + b*i**2. Is c(0) a composite number?
False
Let x(w) = -7*w - 9. Let t = 74 + -66. Suppose -2*m + 5 = -4*r - 11, 3*m + t = -2*r. Is x(r) a prime number?
True
Suppose -5*s - w + 207053 + 146515 = 0, s - 2*w = 70729. Is s a composite number?
True
Suppose 44761 + 9241 = -2*m. Is (m/52)/(2/(-8)) a composite number?
True
Let t(v) = -6137*v**3 - 4*v**2 - 4*v + 9. Is t(-2) composite?
True
Is (13 + (-954)/72)/(2/(-1361672)) prime?
False
Let p(t) = -1997*t**3 - 17*t**2 - 22*t + 19. Is p(-2) prime?
True
Let i(b) = 221060*b**2 - 1483*b + 2969. Is i(2) composite?
False
Suppose -3*z + 624382 = 4*t, -156103 = -444*t + 443*t - 2*z. Is t a composite number?
True
Suppose 8*s = 3*s - 2*q + 33519, 12 = -4*q. Suppose s = 19*h - 12998. Is h a prime number?
False
Is 13/(39/21642)*774/36 a composite number?
True
Let q be -2 - (0 - (8 - 1)). Suppose -q*w + 786 = w. Let g = w + -34. Is g a prime number?
True
Suppose 28*a - 31*a = 45. Is 3768/5 + 9/a a prime number?
False
Suppose -3*b + 4*b = -4. Let t(u) = -u**3 - 21*u**2 + 23*u + 21. Let o be t(-22). Is 2/b + 105/2 + o composite?
True
Let q = 73 + -71. Suppose -q*o + 0*o = -48394. Is o composite?
False
Suppose 4*s = s + 6. Suppose -26 - 40 = s*y. Let u = y + 175. Is u prime?
False
Let d be -2 + 172/(-22) - (-6)/(-33). Let j be d/(-8)*-2*(1 - 3). Suppose j*t + h = 1526, -4*t + 6*h - 2*h + 1216 = 0. Is t composite?
True
Let w(z) = z**3 + 4*z**2 - 11*z + 1. Let x be w(2). Let t = x - -3. Is (-3)/t*-174 - -4 prime?
False
Let w = -2271 - -5720. Is w a prime number?
True
Let k(f) = 137*f + 148. Let v(g) = -g**3 - 8*g**2 - 13*g + 7. Let x be v(-6). Is k(x) composite?
True
Let t be (0/(-2))/(1 + -3). Suppose j = 2*z - 12, 38 = -4*j - t*z + 3*z. Is 0*j/32 + 5794/2 a composite number?
False
Is -3 + 4 + (-864288)/(-18) prime?
True
Let g(m) = -3820*m - 617. Is g(-40) prime?
True
Suppose 4*u = 4*t - 0*u + 8, -5*u + 37 = 4*t. Is (-421124)/(-33) - (t + 8/(-3)) a composite number?
True
Suppose -119*j + 2425741 + 4730871 = -5288170. Is j a prime number?
False
Is 88/55 - 975958/(-10) - 4/10 prime?
False
Let v(w) = -w**3 + 15*w**2 - 15*w + 17. Let h be v(14). Suppose -13 = -3*p - o, 0 = -h*o - 2 - 13. Suppose 13*s - p*s - 2149 = 0. Is s composite?
False
Let b = -1828357 + 2860064. Is b prime?
True
Let m(u) = u**3 + 16*u**2 + 16*u + 15. Suppose 8*f - 4*f = -60. Let t be m(f). Suppose t = -j + 5*i - i - 13, -3*i = j - 22. Is j a prime number?
True
Let l(k) = 12*k**2 + 11*k - 35. Let f(q) = -q**3 - 16*q**2 - 13*q + 18. Let j be f(-15). Is l(j) prime?
False
Suppose -8188 = -3*d + 33734. Let w = d + -6359. Is w prime?
False
Suppose -2*m + 11 = x - 0*x, -1 = -x. Let o(u) = -25*u**2 - 11*u + 17. Let p be o(m). Let f = p - -954. Is f prime?
False
Suppose -w - 2*w = -0*w. Suppose 2*i - 2 - 2 = w. Suppose i*p + 6471 = 11*p. Is p a prime number?
True
Let o(a) = 3 + 3*a - 7*a + a + 0*a. Let i be o(1). Suppose 8*c - 4*c - 1812 = i. Is c a composite number?
True
Suppose 185*m = 191*m - 30. Suppose -a + 3495 = 2*j, 3932 = m*a - 5*j - 13513. Is a a composite number?
False
Suppose 5*u = 179*f - 180*f + 245513, -2*f = 5*u - 245511. Is u prime?
True
Let b = 41695 + -26067. Let n = -3877 + b. Is n composite?
True
Let o = -130441 - -513654. Is o a composite number?
True
Suppose -2*f + 2*d + 397066 = 6*d, 397056 = 2*f - d. Is f a composite number?
False
Suppose 5*n = -4*b - 0*b + 8320, b - 2105 = 5*n. Let f be (-2)/6 + (-40)/(-12). Suppose -f*u - 12 = -b. Is u a prime number?
True
Suppose -4*v + 4*h = 7*h + 111, 2*v + 5*h = -59. Let l = v + 31. Is (l - 0 - -418) + -3 a composite number?
False
Suppose 0 = 2*m - 3*b - 15, 3*m - b + 0 = 12. Suppose -6*r + 3*r = 4*n - 6467, -m*r - 2*n = -6463. Is r a composite number?
False
Let x(v) = v**3 + 10*v**2 - 96*v + 172. Is x(41) prime?
True
Suppose -a = -c - 1485, -514 = -5*a - 4*c + 6920. Is a/10 - (-16)/120*3 a prime number?
True
Suppose 0 = -11*v - 1193 + 247. Let t = 183 + v. Is t prime?
True
Suppose 24*x - 25*x - 563 = 0. Let b = x - -861. Is (0 - b)*(-3)/2 composite?
True
Let l(o) = 1076*o**2 + 3*o - 2. Let z be l(1). Let n = 1786 + z. Is n prime?
False
Suppose -5*z + 2*h = -14, 2*z = 7*z + 2*h - 6. Let w be z/(-12)*3*-30. Is 393*5/(w/3) a composite number?
True
Suppose -1 = -18*j + 35. Let s(b) = 93*b - 29. Is s(j) composite?
False
Let u be (-4 - -2)/((4/42)/1). Is (20594/u)/(3 + (-44)/12) a composite number?
False
Let a = 480 - 482. Is (-12)/(-12)*(1 - (a - 3134)) a composite number?
False
Let m(x) = 1402*x**2 - 113*x - 55. Is m(8) composite?
True
Suppose 4*g - 3*v - 77102 = 0, 0*g + g + 4*v - 19285 = 0. Is g a prime number?
False
Suppose 0 = -9*g + 17*g - 16128. Let r = -979 + g. Is r composite?
True
Suppose 0 = -3*i + 13*i - 40. Suppose r = i*d + 3*r -